{"id":10,"date":"2022-03-03T16:21:59","date_gmt":"2022-03-03T16:21:59","guid":{"rendered":"https:\/\/flechaextreme.com\/reservas\/?page_id=10"},"modified":"2022-03-23T10:59:44","modified_gmt":"2022-03-23T10:59:44","slug":"reembolso_devoluciones","status":"publish","type":"page","link":"https:\/\/flechaextreme.com\/reservas\/reembolso_devoluciones\/","title":{"rendered":"Pol\u00edtica de devoluciones y reembolsos"},"content":{"rendered":"\n<p><strong>Por favor, lea atentamente nuestra pol\u00edtica de cancelaciones y devoluciones<\/strong><\/p>\n\n\n\n<p class=\"has-text-align-center has-medium-font-size\"><strong>Pol\u00edtica de Reembolso<\/strong> <strong>SUMMER CAMP<\/strong> <strong>Y KITECAMP<\/strong><\/p>\n\n\n\n<hr class=\"wp-block-separator\"\/>\n\n\n\n<p>Por favor, piense bien antes de reservar y aseg\u00farese de poder realizar la actividad. La reserva que usted va a realizar, tiene un reembolso total de<strong> 3 d\u00edas naturales desde la fecha de compra<\/strong> por los mismos medios que realiz\u00f3 dicha reserva. A partir del tercer d\u00eda, dicha reserva en ning\u00fan caso ser\u00e1 reembolsable, perdiendo la totalidad del importe.<\/p>\n\n\n\n<p>La actividad es semanal. Si alg\u00fan d\u00eda de la semana no pudiera asistir, EL D\u00cdA SE PIERDE y en ning\u00fan caso ser\u00e1 reembolsable ni se podr\u00e1 recuperar dicho d\u00eda. Piense bien antes de adquirir su reserva.<br>Si est\u00e1 de acuerdo con estas breves condiciones, le damos la bienvenida y trabajaremos para que sus hijos se lo pasen en grande!<\/p>\n\n\n\n<p class=\"has-text-align-center has-medium-font-size\"><strong>Pol\u00edtica de Reembolso Cursos de KITESURF<\/strong>, <strong>WINGFOIL<\/strong> <strong>Y PADDLE SURF<\/strong><\/p>\n\n\n\n<hr class=\"wp-block-separator\"\/>\n\n\n\n<p>Nuestros cursos de kitesurf Wingfoil o Paddle Surf se <strong>reembolsar\u00e1n completamente<\/strong> en las siguientes situaciones:<\/p>\n\n\n\n<p>&#8211; Cuando las <strong>condiciones meteorol\u00f3gicas<\/strong> impidan las realizaci\u00f3n de la actividad. Esta evaluaci\u00f3n ser\u00e1 siempre a criterio de nuestros monitores.<br>&#8211; Si se produce la anulaci\u00f3n por parte del cliente con al menos<strong> 48 horas antes<\/strong> de la realizaci\u00f3n de la actividad.<\/p>\n\n\n\n<p>En ning\u00fan caso ser\u00e1n reembolsables las anulaciones por parte del cliente dentro de las 48 antes de la realizaci\u00f3n de la actividad.  <br>En caso de no presentarse el d\u00eda de la actividad, tampoco ser\u00e1 reembolsable la cantidad abonada. <\/p>\n\n\n\n<p>As\u00ed mismo, si por causas meteorol\u00f3gicas no fuera posible terminar la actividad, se reembolsar\u00e1 la parte de la actividad no disfrutada y por tanto se facturar\u00e1 la parte disfrutada hasta el momento.<\/p>\n\n\n\n<p class=\"has-text-align-center has-medium-font-size\"><strong>Pol\u00edtica de Reembolso RUTAS<\/strong> <strong>KAYAKS\/PADDLE<\/strong><\/p>\n\n\n\n<hr class=\"wp-block-separator\"\/>\n\n\n\n<p>Por favor, piense bien antes de contratar nuestras rutas y paseos en Kayak\/Paddle. <br>Nuestras rutas tienen devoluci\u00f3n gratuita para aquellas anulaciones realizadas con al menos<strong> 48 horas<\/strong> antes de la realizaci\u00f3n de la actividad..<br>As\u00ed mismo, ser\u00e1 reembolsable la totalidad del importe por <strong>causas meteorol\u00f3gicas<\/strong> que impidan la realizaci\u00f3n de la actividad. Esta valoraci\u00f3n ser\u00e1 realizada por parte de nuestros monitores.<\/p>\n\n\n\n<p>Si la actividad no se llegara a completar por cualquier causa, solo se facturar\u00e1 la <strong>parte proporcional<\/strong> realizada, devolvi\u00e9ndose el importe no disfrutado<\/p>\n","protected":false},"excerpt":{"rendered":"<p>Por favor, lea atentamente nuestra pol\u00edtica de cancelaciones y devoluciones Pol\u00edtica de Reembolso SUMMER CAMP Y KITECAMP Por favor, piense bien antes de reservar y aseg\u00farese de poder realizar la actividad. La reserva que usted va a realizar, tiene un reembolso total de 3 d\u00edas naturales desde la fecha de compra por los mismos medios [&hellip;]<\/p>\n","protected":false},"author":1,"featured_media":0,"parent":0,"menu_order":0,"comment_status":"closed","ping_status":"closed","template":"","meta":{"site-sidebar-layout":"default","site-content-layout":"","ast-site-content-layout":"default","site-content-style":"default","site-sidebar-style":"default","ast-global-header-display":"","ast-banner-title-visibility":"","ast-main-header-display":"","ast-hfb-above-header-display":"","ast-hfb-below-header-display":"","ast-hfb-mobile-header-display":"","site-post-title":"","ast-breadcrumbs-content":"","ast-featured-img":"","footer-sml-layout":"","ast-disable-related-posts":"","theme-transparent-header-meta":"","adv-header-id-meta":"","stick-header-meta":"","header-above-stick-meta":"","header-main-stick-meta":"","header-below-stick-meta":"","astra-migrate-meta-layouts":"default","ast-page-background-enabled":"default","ast-page-background-meta":{"desktop":{"background-color":"var(--ast-global-color-4)","background-image":"","background-repeat":"repeat","background-position":"center center","background-size":"auto","background-attachment":"scroll","background-type":"","background-media":"","overlay-type":"","overlay-color":"","overlay-opacity":"","overlay-gradient":""},"tablet":{"background-color":"","background-image":"","background-repeat":"repeat","background-position":"center center","background-size":"auto","background-attachment":"scroll","background-type":"","background-media":"","overlay-type":"","overlay-color":"","overlay-opacity":"","overlay-gradient":""},"mobile":{"background-color":"","background-image":"","background-repeat":"repeat","background-position":"center center","background-size":"auto","background-attachment":"scroll","background-type":"","background-media":"","overlay-type":"","overlay-color":"","overlay-opacity":"","overlay-gradient":""}},"ast-content-background-meta":{"desktop":{"background-color":"var(--ast-global-color-5)","background-image":"","background-repeat":"repeat","background-position":"center center","background-size":"auto","background-attachment":"scroll","background-type":"","background-media":"","overlay-type":"","overlay-color":"","overlay-opacity":"","overlay-gradient":""},"tablet":{"background-color":"var(--ast-global-color-5)","background-image":"","background-repeat":"repeat","background-position":"center center","background-size":"auto","background-attachment":"scroll","background-type":"","background-media":"","overlay-type":"","overlay-color":"","overlay-opacity":"","overlay-gradient":""},"mobile":{"background-color":"var(--ast-global-color-5)","background-image":"","background-repeat":"repeat","background-position":"center center","background-size":"auto","background-attachment":"scroll","background-type":"","background-media":"","overlay-type":"","overlay-color":"","overlay-opacity":"","overlay-gradient":""}},"footnotes":""},"class_list":["post-10","page","type-page","status-publish","hentry"],"_links":{"self":[{"href":"https:\/\/flechaextreme.com\/reservas\/wp-json\/wp\/v2\/pages\/10","targetHints":{"allow":["GET"]}}],"collection":[{"href":"https:\/\/flechaextreme.com\/reservas\/wp-json\/wp\/v2\/pages"}],"about":[{"href":"https:\/\/flechaextreme.com\/reservas\/wp-json\/wp\/v2\/types\/page"}],"author":[{"embeddable":true,"href":"https:\/\/flechaextreme.com\/reservas\/wp-json\/wp\/v2\/users\/1"}],"replies":[{"embeddable":true,"href":"https:\/\/flechaextreme.com\/reservas\/wp-json\/wp\/v2\/comments?post=10"}],"version-history":[{"count":8,"href":"https:\/\/flechaextreme.com\/reservas\/wp-json\/wp\/v2\/pages\/10\/revisions"}],"predecessor-version":[{"id":174,"href":"https:\/\/flechaextreme.com\/reservas\/wp-json\/wp\/v2\/pages\/10\/revisions\/174"}],"wp:attachment":[{"href":"https:\/\/flechaextreme.com\/reservas\/wp-json\/wp\/v2\/media?parent=10"}],"curies":[{"name":"wp","href":"https:\/\/api.w.org\/{rel}","templated":true}]}}